{"id":14,"date":"2018-09-13T03:26:09","date_gmt":"2018-09-13T03:26:09","guid":{"rendered":"http:\/\/irsfoundation.com\/wp\/regulations\/?page_id=14"},"modified":"2025-07-29T23:07:05","modified_gmt":"2025-07-29T22:07:05","slug":"publicacoes","status":"publish","type":"page","link":"https:\/\/www.cedjmb.pt\/index.php\/publicacoes\/","title":{"rendered":"Publica\u00e7\u00f5es"},"content":{"rendered":"<p><section class=\"kc-elm kc-css-192033 kc_row\"><div class=\"kc-row-container  kc-container\"><div class=\"kc-wrap-columns\"><div class=\"kc-elm kc-css-453762 kc_col-sm-12 kc_column kc_col-sm-12\"><div class=\"kc-col-container\"><div class=\"kc-elm kc-css-228497\" style=\"height: 42px; clear: both; width:100%;\"><\/div><\/div><\/div><\/div><\/div><\/section><section class=\"kc-elm kc-css-411757 kc_row\"><div class=\"kc-row-container  kc-container\"><div class=\"kc-wrap-columns\"><div class=\"kc-elm kc-css-150207 kc_col-sm-4 kc_column kc_col-sm-4\"><div class=\"kc-col-container\"><div class=\"kc-elm kc-css-52690 kc_shortcode kc_single_image\">\n\n        <img decoding=\"async\" src=\"https:\/\/www.cedjmb.pt\/wp-content\/uploads\/2025\/06\/livro_jmb.jpg\" class=\"\" alt=\"\" \/>    <\/div>\n<div class=\"kc-elm kc-css-882239 kc_text_block\"><\/p>\n<h2 class=\"post-title-alt\"><span style=\"font-size: 18px;\">Livro | <em>Jos\u00e9 M\u00e1rio Branco: Entrevistas para a imprensa (1970-2019)<\/em><\/span><\/h2>\n<p>\n<\/div>     <div class=\"btns  btns-69f300e6822d5\">\r\n        <a class=\"theme-btn-s2\" href=\"https:\/\/aja.pt\/produto\/jose-mario-branco-entrevistas\/\" target=\"_blank\" title=\"\">\r\n          Ver mais        <\/a>\r\n     <\/div>\r\n\t\t<\/div><\/div><div class=\"kc-elm kc-css-234459 kc_col-sm-4 kc_column kc_col-sm-4\"><div class=\"kc-col-container\"><div class=\"kc-elm kc-css-231268 kc_shortcode kc_single_image\">\n\n        <img decoding=\"async\" src=\"https:\/\/www.cedjmb.pt\/wp-content\/uploads\/2025\/05\/art1.jpg\" class=\"\" alt=\"\" \/>    <\/div>\n<div class=\"kc-elm kc-css-462129 kc_text_block\"><\/p>\n<h2 class=\"post-title-alt\"><span style=\"font-size: 18px;\">\u00daltimo n\u00famero da revista <em>Vis\u00e3o Hist\u00f3ria <\/em>sobre a can\u00e7\u00e3o de protesto em Portugal, com textos de Hugo Castro e Ricardo Andrade, curadores do CEDJMB<\/span><\/h2>\n<p>\n<\/div>     <div class=\"btns  btns-69f300e6828cd\">\r\n        <a class=\"theme-btn-s2\" href=\"https:\/\/loja.trustinnews.pt\/produto\/visao-historia-edicao-79\/\" target=\"_blank\" title=\"\">\r\n          Ver mais        <\/a>\r\n     <\/div>\r\n\t\t<\/div><\/div><div class=\"kc-elm kc-css-501039 kc_col-sm-4 kc_column kc_col-sm-4\"><div class=\"kc-col-container\"><div class=\"kc-elm kc-css-146280 kc_shortcode kc_single_image\">\n\n        <img decoding=\"async\" src=\"https:\/\/www.cedjmb.pt\/wp-content\/uploads\/2025\/05\/art2.jpg\" class=\"\" alt=\"\" \/>    <\/div>\n<div class=\"kc-elm kc-css-361085 kc_text_block\"><\/p>\n<h2 class=\"post-title-alt\"><span style=\"font-size: 18px;\">\u00daltimo n\u00famero da <em>Revista Portuguesa de Musicologia<\/em>, com um artigo dos curadores do CEDJMB (Ricardo Andrade, Ant\u00f3nio Branco e Hugo Castro) sobre as v\u00e1rias actividades de Jos\u00e9 M\u00e1rio Branco durante o seu ex\u00edlio em Fran\u00e7a<\/span><\/h2>\n<p>\n<\/div>     <div class=\"btns  btns-69f300e682d7e\">\r\n        <a class=\"theme-btn-s2\" href=\"https:\/\/rpm-ns.pt\/index.php\/rpm\/issue\/view\/38\" target=\"_blank\" title=\"\">\r\n          Ver mais        <\/a>\r\n     <\/div>\r\n\t\t<\/div><\/div><\/div><\/div><\/section><section class=\"kc-elm kc-css-679409 kc_row\"><div class=\"kc-row-container  kc-container\"><div class=\"kc-wrap-columns\"><div class=\"kc-elm kc-css-99471 kc_col-sm-12 kc_column kc_col-sm-12\"><div class=\"kc-col-container\"><div class=\"kc-elm kc-css-951651\" style=\"height: 20px; clear: both; width:100%;\"><\/div><\/div><\/div><\/div><\/div><\/section><section class=\"kc-elm kc-css-145781 kc_row\"><div class=\"kc-row-container  kc-container\"><div class=\"kc-wrap-columns\"><div class=\"kc-elm kc-css-291616 kc_col-sm-12 kc_column kc_col-sm-12\"><div class=\"kc-col-container\"><div class=\"kc-elm kc-css-456384\" style=\"height: 20px; clear: both; width:100%;\"><\/div><\/div><\/div><\/div><\/div><\/section><section class=\"kc-elm kc-css-939218 kc_row\"><div class=\"kc-row-container  kc-container\"><div class=\"kc-wrap-columns\"><div class=\"kc-elm kc-css-909275 kc_col-sm-4 kc_column kc_col-sm-4\"><div class=\"kc-col-container\"><div class=\"kc-elm kc-css-613749 kc_shortcode kc_single_image\">\n\n        <img decoding=\"async\" src=\"https:\/\/www.cedjmb.pt\/wp-content\/uploads\/2025\/05\/art3.jpg\" class=\"\" alt=\"\" \/>    <\/div>\n<div class=\"kc-elm kc-css-998905 kc_text_block\"><\/p>\n<h2 class=\"post-title-alt\"><span style=\"font-size: 18px;\">Artigo de Jo\u00e3o Madeira, Ricardo Andrade e Hugo Castro sobre os usos e significados da can\u00e7\u00e3o <em>Gr\u00e2ndola, Vila Morena<\/em>, publicado na revista <em>Zapruder World<\/em><\/span><\/h2>\n<p>\n<\/div>     <div class=\"btns  btns-69f300e683578\">\r\n        <a class=\"theme-btn-s2\" href=\"https:\/\/zapruderworld.org\/volume-7\/grandola-vila-morena-uses-and-meanings-portuese-revolution\/\" target=\"_blank\" title=\"\">\r\n          Ver mais        <\/a>\r\n     <\/div>\r\n\t\t<\/div><\/div><div class=\"kc-elm kc-css-704963 kc_col-sm-4 kc_column kc_col-sm-4\"><div class=\"kc-col-container\"><div class=\"kc-elm kc-css-270750 kc_shortcode kc_single_image\">\n\n        <img decoding=\"async\" src=\"https:\/\/www.cedjmb.pt\/wp-content\/uploads\/2025\/05\/hugo.jpg\" class=\"\" alt=\"\" \/>    <\/div>\n<div class=\"kc-elm kc-css-394696 kc_text_block\"><\/p>\n<h2 class=\"post-title-alt\"><span style=\"font-size: 18px;\">Tese doutoramento Hugo Castro<\/span><\/h2>\n<p>\n<\/div>     <div class=\"btns  btns-69f300e683a05\">\r\n        <a class=\"theme-btn-s2\" href=\"https:\/\/run.unl.pt\/handle\/10362\/137021\" target=\"_blank\" title=\"\">\r\n          Ver mais        <\/a>\r\n     <\/div>\r\n\t\t<\/div><\/div><div class=\"kc-elm kc-css-163793 kc_col-sm-4 kc_column kc_col-sm-4\"><div class=\"kc-col-container\"><div class=\"kc-elm kc-css-821316 kc_shortcode kc_single_image\">\n\n        <img decoding=\"async\" src=\"https:\/\/www.cedjmb.pt\/wp-content\/uploads\/2025\/05\/patricia.jpg\" class=\"\" alt=\"\" \/>    <\/div>\n<div class=\"kc-elm kc-css-852184 kc_text_block\"><\/p>\n<h2 class=\"post-title-alt\"><span style=\"font-size: 18px;\">Artigo Patr\u00edcia Lopes<\/span><\/h2>\n<p>\n<\/div>     <div class=\"btns  btns-69f300e683f2f\">\r\n        <a class=\"theme-btn-s2\" href=\"https:\/\/run.unl.pt\/handle\/10362\/150057 \" target=\"_blank\" title=\"\">\r\n          Ver mais        <\/a>\r\n     <\/div>\r\n\t\t<\/div><\/div><\/div><\/div><\/section><section class=\"kc-elm kc-css-505651 kc_row\"><div class=\"kc-row-container  kc-container\"><div class=\"kc-wrap-columns\"><div class=\"kc-elm kc-css-648128 kc_col-sm-12 kc_column kc_col-sm-12\"><div class=\"kc-col-container\"><div class=\"kc-elm kc-css-818835\" style=\"height: 20px; clear: both; width:100%;\"><\/div><\/div><\/div><\/div><\/div><\/section><section class=\"kc-elm kc-css-830217 kc_row\"><div class=\"kc-row-container  kc-container\"><div class=\"kc-wrap-columns\"><div class=\"kc-elm kc-css-459696 kc_col-sm-12 kc_column kc_col-sm-12\"><div class=\"kc-col-container\"><div class=\"kc-elm kc-css-565557\" style=\"height: 20px; clear: both; width:100%;\"><\/div><\/div><\/div><\/div><\/div><\/section><section class=\"kc-elm kc-css-860950 kc_row\"><div class=\"kc-row-container  kc-container\"><div class=\"kc-wrap-columns\"><div class=\"kc-elm kc-css-245786 kc_col-sm-4 kc_column kc_col-sm-4\"><div class=\"kc-col-container\"><div class=\"kc-elm kc-css-575661 kc_shortcode kc_single_image\">\n\n        <img decoding=\"async\" src=\"https:\/\/www.cedjmb.pt\/wp-content\/uploads\/2025\/06\/avozdocantor.jpg\" class=\"\" alt=\"\" \/>    <\/div>\n<div class=\"kc-elm kc-css-113258 kc_text_block\"><\/p>\n<h2 class=\"post-title-alt\"><span style=\"font-size: 18px;\">Artigo de Hugo Castro, Ricardo Andrade e Ant\u00f3nio Branco, com o t\u00edtulo <em>&#8220;A voz do cantor eleva a classe: o Grupo de Ac\u00e7\u00e3o Cultural Vozes na Luta nos anos da revolu\u00e7\u00e3o, 1974-1976\"<\/em>, publicado na revista <em>Ler Hist\u00f3ria<\/em><\/span><\/h2>\n<p>\n<\/div>     <div class=\"btns  btns-69f300e684912\">\r\n        <a class=\"theme-btn-s2\" href=\"https:\/\/journals.openedition.org\/lerhistoria\/14861\" target=\"_blank\" title=\"\">\r\n          Ver mais        <\/a>\r\n     <\/div>\r\n\t\t<div class=\"kc-elm kc-css-137261\" style=\"height: 20px; clear: both; width:100%;\"><\/div><div class=\"kc-elm kc-css-460270\" style=\"height: 20px; clear: both; width:100%;\"><\/div><\/div><\/div><div class=\"kc-elm kc-css-60864 kc_col-sm-4 kc_column kc_col-sm-4\"><div class=\"kc-col-container\"><div class=\"kc-elm kc-css-328416 kc_shortcode kc_single_image\">\n\n        <img decoding=\"async\" src=\"https:\/\/www.cedjmb.pt\/wp-content\/uploads\/2025\/06\/acantigasoearmaquandoalutaacompanhar.jpg\" class=\"\" alt=\"\" \/>    <\/div>\n<div class=\"kc-elm kc-css-804029 kc_text_block\"><\/p>\n<h2 class=\"post-title-alt\"><span style=\"font-size: 18px;\">Livro publicado a partir da tese de doutoramento de Hugo Castro, uma edi\u00e7\u00e3o das edi\u00e7\u00f5es Afrontamento, em parceria com o Munic\u00edpio de Gr\u00e2ndola e o Observat\u00f3rio da Can\u00e7\u00e3o de Protesto<\/span><\/h2>\n<p>\n<\/div>     <div class=\"btns  btns-69f300e6851df\">\r\n        <a class=\"theme-btn-s2\" href=\"https:\/\/www.edicoesafrontamento.pt\/products\/a-cantiga-so-e-arma-quando-a-luta-acompanhar\" target=\"_blank\" title=\"\">\r\n          Ver mais        <\/a>\r\n     <\/div>\r\n\t\t<div class=\"kc-elm kc-css-114775\" style=\"height: 20px; clear: both; width:100%;\"><\/div><\/div><\/div><div class=\"kc-elm kc-css-679715 kc_col-sm-4 kc_column kc_col-sm-4\"><div class=\"kc-col-container\"><\/div><\/div><\/div><\/div><\/section><section class=\"kc-elm kc-css-920072 kc_row\"><div class=\"kc-row-container  kc-container\"><div class=\"kc-wrap-columns\"><div class=\"kc-elm kc-css-870105 kc_col-sm-12 kc_column kc_col-sm-12\"><div class=\"kc-col-container\">    <div class=\"social-newsletter-section  social-69f300e6854bc \">\r\n      <div class=\"social-holder\">\r\n                   <div><a href=\"#\">\r\n            <i class=\"fab-facebook-square\"><\/i>\r\n            <span><\/span><\/a>\r\n          <\/div>\r\n                  <div><a href=\"#\">\r\n            <i class=\"fab-instagram\"><\/i>\r\n            <span><\/span><\/a>\r\n          <\/div>\r\n              <\/div>\r\n    <\/div>\r\n    <\/div><\/div><\/div><\/div><\/section><\/p>\n","protected":false},"excerpt":{"rendered":"","protected":false},"author":1,"featured_media":0,"parent":0,"menu_order":0,"comment_status":"closed","ping_status":"closed","template":"","meta":{"footnotes":""},"class_list":["post-14","page","type-page","status-publish","hentry"],"_links":{"self":[{"href":"https:\/\/www.cedjmb.pt\/index.php\/wp-json\/wp\/v2\/pages\/14","targetHints":{"allow":["GET"]}}],"collection":[{"href":"https:\/\/www.cedjmb.pt\/index.php\/wp-json\/wp\/v2\/pages"}],"about":[{"href":"https:\/\/www.cedjmb.pt\/index.php\/wp-json\/wp\/v2\/types\/page"}],"author":[{"embeddable":true,"href":"https:\/\/www.cedjmb.pt\/index.php\/wp-json\/wp\/v2\/users\/1"}],"replies":[{"embeddable":true,"href":"https:\/\/www.cedjmb.pt\/index.php\/wp-json\/wp\/v2\/comments?post=14"}],"version-history":[{"count":57,"href":"https:\/\/www.cedjmb.pt\/index.php\/wp-json\/wp\/v2\/pages\/14\/revisions"}],"predecessor-version":[{"id":1201,"href":"https:\/\/www.cedjmb.pt\/index.php\/wp-json\/wp\/v2\/pages\/14\/revisions\/1201"}],"wp:attachment":[{"href":"https:\/\/www.cedjmb.pt\/index.php\/wp-json\/wp\/v2\/media?parent=14"}],"curies":[{"name":"wp","href":"https:\/\/api.w.org\/{rel}","templated":true}]}}

Publicações

<p><section class="kc-elm kc-css-192033 kc_row"><div class="kc-row-container  kc-container"><div class="kc-wrap-columns"><div class="kc-elm kc-css-453762 kc_col-sm-12 kc_column kc_col-sm-12"><div class="kc-col-container"><div class="kc-elm kc-css-228497" style="height: 42px; clear: both; width:100%;"></div></div></div></div></div></section><section class="kc-elm kc-css-411757 kc_row"><div class="kc-row-container  kc-container"><div class="kc-wrap-columns"><div class="kc-elm kc-css-150207 kc_col-sm-4 kc_column kc_col-sm-4"><div class="kc-col-container"><div class="kc-elm kc-css-52690 kc_shortcode kc_single_image">

        <img decoding="async" src="https://www.cedjmb.pt/wp-content/uploads/2025/06/livro_jmb.jpg" class="" alt="" />    </div>
<div class="kc-elm kc-css-882239 kc_text_block"></p>
<h2 class="post-title-alt"><span style="font-size: 18px;">Livro | <em>José Mário Branco: Entrevistas para a imprensa (1970-2019)</em></span></h2>
<p>
</div>     <div class="btns  btns-69f300e6822d5">
        <a class="theme-btn-s2" href="https://aja.pt/produto/jose-mario-branco-entrevistas/" target="_blank" title="">
          Ver mais        </a>
     </div>
		</div></div><div class="kc-elm kc-css-234459 kc_col-sm-4 kc_column kc_col-sm-4"><div class="kc-col-container"><div class="kc-elm kc-css-231268 kc_shortcode kc_single_image">

        <img decoding="async" src="https://www.cedjmb.pt/wp-content/uploads/2025/05/art1.jpg" class="" alt="" />    </div>
<div class="kc-elm kc-css-462129 kc_text_block"></p>
<h2 class="post-title-alt"><span style="font-size: 18px;">Último número da revista <em>Visão História </em>sobre a canção de protesto em Portugal, com textos de Hugo Castro e Ricardo Andrade, curadores do CEDJMB</span></h2>
<p>
</div>     <div class="btns  btns-69f300e6828cd">
        <a class="theme-btn-s2" href="https://loja.trustinnews.pt/produto/visao-historia-edicao-79/" target="_blank" title="">
          Ver mais        </a>
     </div>
		</div></div><div class="kc-elm kc-css-501039 kc_col-sm-4 kc_column kc_col-sm-4"><div class="kc-col-container"><div class="kc-elm kc-css-146280 kc_shortcode kc_single_image">

        <img decoding="async" src="https://www.cedjmb.pt/wp-content/uploads/2025/05/art2.jpg" class="" alt="" />    </div>
<div class="kc-elm kc-css-361085 kc_text_block"></p>
<h2 class="post-title-alt"><span style="font-size: 18px;">Último número da <em>Revista Portuguesa de Musicologia</em>, com um artigo dos curadores do CEDJMB (Ricardo Andrade, António Branco e Hugo Castro) sobre as várias actividades de José Mário Branco durante o seu exílio em França</span></h2>
<p>
</div>     <div class="btns  btns-69f300e682d7e">
        <a class="theme-btn-s2" href="https://rpm-ns.pt/index.php/rpm/issue/view/38" target="_blank" title="">
          Ver mais        </a>
     </div>
		</div></div></div></div></section><section class="kc-elm kc-css-679409 kc_row"><div class="kc-row-container  kc-container"><div class="kc-wrap-columns"><div class="kc-elm kc-css-99471 kc_col-sm-12 kc_column kc_col-sm-12"><div class="kc-col-container"><div class="kc-elm kc-css-951651" style="height: 20px; clear: both; width:100%;"></div></div></div></div></div></section><section class="kc-elm kc-css-145781 kc_row"><div class="kc-row-container  kc-container"><div class="kc-wrap-columns"><div class="kc-elm kc-css-291616 kc_col-sm-12 kc_column kc_col-sm-12"><div class="kc-col-container"><div class="kc-elm kc-css-456384" style="height: 20px; clear: both; width:100%;"></div></div></div></div></div></section><section class="kc-elm kc-css-939218 kc_row"><div class="kc-row-container  kc-container"><div class="kc-wrap-columns"><div class="kc-elm kc-css-909275 kc_col-sm-4 kc_column kc_col-sm-4"><div class="kc-col-container"><div class="kc-elm kc-css-613749 kc_shortcode kc_single_image">

        <img decoding="async" src="https://www.cedjmb.pt/wp-content/uploads/2025/05/art3.jpg" class="" alt="" />    </div>
<div class="kc-elm kc-css-998905 kc_text_block"></p>
<h2 class="post-title-alt"><span style="font-size: 18px;">Artigo de João Madeira, Ricardo Andrade e Hugo Castro sobre os usos e significados da canção <em>Grândola, Vila Morena</em>, publicado na revista <em>Zapruder World</em></span></h2>
<p>
</div>     <div class="btns  btns-69f300e683578">
        <a class="theme-btn-s2" href="https://zapruderworld.org/volume-7/grandola-vila-morena-uses-and-meanings-portuese-revolution/" target="_blank" title="">
          Ver mais        </a>
     </div>
		</div></div><div class="kc-elm kc-css-704963 kc_col-sm-4 kc_column kc_col-sm-4"><div class="kc-col-container"><div class="kc-elm kc-css-270750 kc_shortcode kc_single_image">

        <img decoding="async" src="https://www.cedjmb.pt/wp-content/uploads/2025/05/hugo.jpg" class="" alt="" />    </div>
<div class="kc-elm kc-css-394696 kc_text_block"></p>
<h2 class="post-title-alt"><span style="font-size: 18px;">Tese doutoramento Hugo Castro</span></h2>
<p>
</div>     <div class="btns  btns-69f300e683a05">
        <a class="theme-btn-s2" href="https://run.unl.pt/handle/10362/137021" target="_blank" title="">
          Ver mais        </a>
     </div>
		</div></div><div class="kc-elm kc-css-163793 kc_col-sm-4 kc_column kc_col-sm-4"><div class="kc-col-container"><div class="kc-elm kc-css-821316 kc_shortcode kc_single_image">

        <img decoding="async" src="https://www.cedjmb.pt/wp-content/uploads/2025/05/patricia.jpg" class="" alt="" />    </div>
<div class="kc-elm kc-css-852184 kc_text_block"></p>
<h2 class="post-title-alt"><span style="font-size: 18px;">Artigo Patrícia Lopes</span></h2>
<p>
</div>     <div class="btns  btns-69f300e683f2f">
        <a class="theme-btn-s2" href="https://run.unl.pt/handle/10362/150057 " target="_blank" title="">
          Ver mais        </a>
     </div>
		</div></div></div></div></section><section class="kc-elm kc-css-505651 kc_row"><div class="kc-row-container  kc-container"><div class="kc-wrap-columns"><div class="kc-elm kc-css-648128 kc_col-sm-12 kc_column kc_col-sm-12"><div class="kc-col-container"><div class="kc-elm kc-css-818835" style="height: 20px; clear: both; width:100%;"></div></div></div></div></div></section><section class="kc-elm kc-css-830217 kc_row"><div class="kc-row-container  kc-container"><div class="kc-wrap-columns"><div class="kc-elm kc-css-459696 kc_col-sm-12 kc_column kc_col-sm-12"><div class="kc-col-container"><div class="kc-elm kc-css-565557" style="height: 20px; clear: both; width:100%;"></div></div></div></div></div></section><section class="kc-elm kc-css-860950 kc_row"><div class="kc-row-container  kc-container"><div class="kc-wrap-columns"><div class="kc-elm kc-css-245786 kc_col-sm-4 kc_column kc_col-sm-4"><div class="kc-col-container"><div class="kc-elm kc-css-575661 kc_shortcode kc_single_image">

        <img decoding="async" src="https://www.cedjmb.pt/wp-content/uploads/2025/06/avozdocantor.jpg" class="" alt="" />    </div>
<div class="kc-elm kc-css-113258 kc_text_block"></p>
<h2 class="post-title-alt"><span style="font-size: 18px;">Artigo de Hugo Castro, Ricardo Andrade e António Branco, com o título <em>&#8220;A voz do cantor eleva a classe: o Grupo de Acção Cultural Vozes na Luta nos anos da revolução, 1974-1976"</em>, publicado na revista <em>Ler História</em></span></h2>
<p>
</div>     <div class="btns  btns-69f300e684912">
        <a class="theme-btn-s2" href="https://journals.openedition.org/lerhistoria/14861" target="_blank" title="">
          Ver mais        </a>
     </div>
		<div class="kc-elm kc-css-137261" style="height: 20px; clear: both; width:100%;"></div><div class="kc-elm kc-css-460270" style="height: 20px; clear: both; width:100%;"></div></div></div><div class="kc-elm kc-css-60864 kc_col-sm-4 kc_column kc_col-sm-4"><div class="kc-col-container"><div class="kc-elm kc-css-328416 kc_shortcode kc_single_image">

        <img decoding="async" src="https://www.cedjmb.pt/wp-content/uploads/2025/06/acantigasoearmaquandoalutaacompanhar.jpg" class="" alt="" />    </div>
<div class="kc-elm kc-css-804029 kc_text_block"></p>
<h2 class="post-title-alt"><span style="font-size: 18px;">Livro publicado a partir da tese de doutoramento de Hugo Castro, uma edição das edições Afrontamento, em parceria com o Município de Grândola e o Observatório da Canção de Protesto</span></h2>
<p>
</div>     <div class="btns  btns-69f300e6851df">
        <a class="theme-btn-s2" href="https://www.edicoesafrontamento.pt/products/a-cantiga-so-e-arma-quando-a-luta-acompanhar" target="_blank" title="">
          Ver mais        </a>
     </div>
		<div class="kc-elm kc-css-114775" style="height: 20px; clear: both; width:100%;"></div></div></div><div class="kc-elm kc-css-679715 kc_col-sm-4 kc_column kc_col-sm-4"><div class="kc-col-container"></div></div></div></div></section><section class="kc-elm kc-css-920072 kc_row"><div class="kc-row-container  kc-container"><div class="kc-wrap-columns"><div class="kc-elm kc-css-870105 kc_col-sm-12 kc_column kc_col-sm-12"><div class="kc-col-container">    <div class="social-newsletter-section  social-69f300e6854bc ">
      <div class="social-holder">
                   <div><a href="#">
            <i class="fab-facebook-square"></i>
            <span></span></a>
          </div>
                  <div><a href="#">
            <i class="fab-instagram"></i>
            <span></span></a>
          </div>
              </div>
    </div>
    </div></div></div></div></section></p>
