{"id":397,"date":"2018-09-13T03:23:56","date_gmt":"2018-09-13T03:23:56","guid":{"rendered":"http:\/\/irsfoundation.com\/wp\/regulations\/?page_id=6"},"modified":"2026-02-19T23:46:48","modified_gmt":"2026-02-19T22:46:48","slug":"home","status":"publish","type":"page","link":"https:\/\/www.cedjmb.pt\/","title":{"rendered":"Home"},"content":{"rendered":"<p><section data-kc-fullwidth=\"content\" class=\"kc-elm kc-css-370812 kc_row\"><div class=\"kc-row-container\"><div class=\"kc-wrap-columns\"><div class=\"kc-elm kc-css-474592 kc_col-sm-12 kc_column kc_col-sm-12\"><div class=\"kc-col-container\">  <!-- start of hero -->\n  <div class=\"hero hero-slider-wrapper  hero-style-1  hero-69f330496ae0a \">\n    <div class=\"hero-slider\">\n          <div class=\"slide\">\n                  <img decoding=\"async\" src=\"https:\/\/www.cedjmb.pt\/wp-content\/uploads\/2025\/05\/img-banner.jpg\" class=\"slider-bg\" alt=\"\">\n                <div class=\"container\">\n          <div class=\"row\">\n              <div class=\"col col-lg-7 slide-caption\">\n                                      <h2>\n                                              <span>Bem-vindo ao Centro de Estudos e Documenta\u00e7\u00e3o Jos\u00e9 M\u00e1rio Branco - M\u00fasica e Liberdade<\/span>\n                                           <\/h2>\n                  <div class=\"btns\">\n                                              <a href=\"https:\/\/www.cedjmb.pt\/index.php\/sobre\/\" class=\"theme-btn-s2\">\n                          Saiba mais                        <\/a>\n                                        <\/div>\n              <\/div>\n          <\/div>\n        <\/div>\n      <\/div>\n        <\/div>\n  <\/div>\n  <!-- end of hero slider -->\n <div class=\"kc-elm kc-css-944021\" style=\"height: 49px; clear: both; width:100%;\"><\/div><\/div><\/div><\/div><\/div><\/section><section class=\"kc-elm kc-css-676863 kc_row\"><div class=\"kc-row-container\"><div class=\"kc-wrap-columns\"><div class=\"kc-elm kc-css-571009 kc_col-sm-12 kc_column kc_col-sm-12\"><div class=\"kc-col-container\">\n<div class=\"kc-elm kc-css-661203 kc-animated kc-animate-eff-fadeIn kc-blog-posts kc-blog-posts-4 owl-carousel kc-image-align-both\" data-owl-options='{\"autoplay\": \"yes\", \"pagination\": \"yes\", \"items\": \"3\", \"tablet\":3, \"mobile\":1}'>\n\t\n\t\t\n\t\t\t\t<div class=\"item\">\n\t\t\t\t\t<div class=\"kc-list-item-4\">\n\t\t\t\t\t\t<div class=\"kc-post-header\">\n\t\t\t\t\t\t\t\t\t\t\t\t\t\t\t<a href=\"https:\/\/www.cedjmb.pt\/index.php\/2025\/06\/01\/livro-jose-mario-branco-entrevistas-para-a-imprensa-1970-2019\/\">\n\t\t\t\t\t\t\t\t\t<img decoding=\"async\" src=\"https:\/\/www.cedjmb.pt\/wp-content\/uploads\/2025\/06\/livro_jmb-150x150.jpg\" alt=\"Livro | Jos\u00e9 M\u00e1rio Branco: Entrevistas para a imprensa (1970-2019)\">\n\t\t\t\t\t\t\t\t<\/a>\n\t\t\t\t\t\t\t\t\t\t\t\t\t\t<div class=\"meta-title\">\n\t\t\t\t\t\t\t\t\t\t\t\t\t\t\t\t\t<div class=\"post-meta\">\n\t\t\t\t\t\t\t\t\t\t\t\t\t\t\t\t\t\t\t\t\t\t\t\t\t\t\t\t\t\t\t<a href=\"https:\/\/www.cedjmb.pt\/index.php\/2025\/06\/\"\n\t\t\t\t\t\t\t\t\t\t   class=\"date-link\">01.Junho.2025<\/a>\n\t\t\t\t\t\t\t\t\t\t\t\t\t\t\t\t\t\t\t<\/div>\n\t\t\t\t\t\t\t\t\n\t\t\t\t\t\t\t\t<h2 class=\"post-title-alt\">\n\t\t\t\t\t\t\t\t\t<a href=\"https:\/\/www.cedjmb.pt\/index.php\/2025\/06\/01\/livro-jose-mario-branco-entrevistas-para-a-imprensa-1970-2019\/\" class=\"post-title-link\"\n\t\t\t\t\t\t\t\t\t   title=\"Livro | Jos\u00e9 M\u00e1rio Branco: Entrevistas para a imprensa (1970-2019)\">Livro | Jos\u00e9 M\u00e1rio Branco: Entrevistas para a imprensa (1970-2019)<\/a>\n\t\t\t\t\t\t\t\t<\/h2>\n\t\t\t\t\t\t\t<\/div>\n\t\t\t\t\t\t<\/div>\n\t\t\t\t\t<\/div>\n\t\t\t\t<\/div>\n\t\t\n\t\t\t\t<div class=\"item\">\n\t\t\t\t\t<div class=\"kc-list-item-4\">\n\t\t\t\t\t\t<div class=\"kc-post-header\">\n\t\t\t\t\t\t\t\t\t\t\t\t\t\t\t<a href=\"https:\/\/www.cedjmb.pt\/index.php\/2025\/05\/11\/ultimo-numero-da-revistavisao-historia-sobre-a-cancaode-protesto-em-portugal-com-textos-de-hugo-castroe-ricardo-andrade-curadores-do-cedjmb\/\">\n\t\t\t\t\t\t\t\t\t<img decoding=\"async\" src=\"https:\/\/www.cedjmb.pt\/wp-content\/uploads\/2025\/05\/art1-150x150.jpg\" alt=\"\u00daltimo n\u00famero da revista Vis\u00e3o Hist\u00f3ria sobre a can\u00e7\u00e3o de protesto em Portugal, com textos de Hugo Castro e Ricardo Andrade, curadores do CEDJMB\">\n\t\t\t\t\t\t\t\t<\/a>\n\t\t\t\t\t\t\t\t\t\t\t\t\t\t<div class=\"meta-title\">\n\t\t\t\t\t\t\t\t\t\t\t\t\t\t\t\t\t<div class=\"post-meta\">\n\t\t\t\t\t\t\t\t\t\t\t\t\t\t\t\t\t\t\t\t\t\t\t\t\t\t\t\t\t\t\t<a href=\"https:\/\/www.cedjmb.pt\/index.php\/2025\/05\/\"\n\t\t\t\t\t\t\t\t\t\t   class=\"date-link\">11.Maio.2025<\/a>\n\t\t\t\t\t\t\t\t\t\t\t\t\t\t\t\t\t\t\t<\/div>\n\t\t\t\t\t\t\t\t\n\t\t\t\t\t\t\t\t<h2 class=\"post-title-alt\">\n\t\t\t\t\t\t\t\t\t<a href=\"https:\/\/www.cedjmb.pt\/index.php\/2025\/05\/11\/ultimo-numero-da-revistavisao-historia-sobre-a-cancaode-protesto-em-portugal-com-textos-de-hugo-castroe-ricardo-andrade-curadores-do-cedjmb\/\" class=\"post-title-link\"\n\t\t\t\t\t\t\t\t\t   title=\"\u00daltimo n\u00famero da revista Vis\u00e3o Hist\u00f3ria sobre a can\u00e7\u00e3o de protesto em Portugal, com textos de Hugo Castro e Ricardo Andrade, curadores do CEDJMB\">\u00daltimo n\u00famero da revista Vis\u00e3o Hist\u00f3ria sobre a can\u00e7\u00e3o de protesto em Portugal, com textos de Hugo Castro e Ricardo Andrade, curadores do CEDJMB<\/a>\n\t\t\t\t\t\t\t\t<\/h2>\n\t\t\t\t\t\t\t<\/div>\n\t\t\t\t\t\t<\/div>\n\t\t\t\t\t<\/div>\n\t\t\t\t<\/div>\n\t\t\n\t\t\t\t<div class=\"item\">\n\t\t\t\t\t<div class=\"kc-list-item-4\">\n\t\t\t\t\t\t<div class=\"kc-post-header\">\n\t\t\t\t\t\t\t\t\t\t\t\t\t\t\t<a href=\"https:\/\/www.cedjmb.pt\/index.php\/2025\/05\/11\/ultimo-numero-da-revistaportuguesa-de-musicologiacom-um-artigo-dos-curadoresdo-cedjmb-ricardoandrade-antonio-branco-ehugo-castro-sobre-as-variasactividades-de-jose-mariobranco-durante-o-seu-exilio-2\/\">\n\t\t\t\t\t\t\t\t\t<img decoding=\"async\" src=\"https:\/\/www.cedjmb.pt\/wp-content\/uploads\/2025\/05\/art2-150x150.jpg\" alt=\"\u00daltimo n\u00famero da Revista Portuguesa de Musicologia, com um artigo dos curadores do CEDJMB (Ricardo Andrade, Ant\u00f3nio Branco e Hugo Castro) sobre as v\u00e1rias actividades de Jos\u00e9 M\u00e1rio Branco durante o seu ex\u00edlio em Fran\u00e7a\">\n\t\t\t\t\t\t\t\t<\/a>\n\t\t\t\t\t\t\t\t\t\t\t\t\t\t<div class=\"meta-title\">\n\t\t\t\t\t\t\t\t\t\t\t\t\t\t\t\t\t<div class=\"post-meta\">\n\t\t\t\t\t\t\t\t\t\t\t\t\t\t\t\t\t\t\t\t\t\t\t\t\t\t\t\t\t\t\t<a href=\"https:\/\/www.cedjmb.pt\/index.php\/2025\/05\/\"\n\t\t\t\t\t\t\t\t\t\t   class=\"date-link\">11.Maio.2025<\/a>\n\t\t\t\t\t\t\t\t\t\t\t\t\t\t\t\t\t\t\t<\/div>\n\t\t\t\t\t\t\t\t\n\t\t\t\t\t\t\t\t<h2 class=\"post-title-alt\">\n\t\t\t\t\t\t\t\t\t<a href=\"https:\/\/www.cedjmb.pt\/index.php\/2025\/05\/11\/ultimo-numero-da-revistaportuguesa-de-musicologiacom-um-artigo-dos-curadoresdo-cedjmb-ricardoandrade-antonio-branco-ehugo-castro-sobre-as-variasactividades-de-jose-mariobranco-durante-o-seu-exilio-2\/\" class=\"post-title-link\"\n\t\t\t\t\t\t\t\t\t   title=\"\u00daltimo n\u00famero da Revista Portuguesa de Musicologia, com um artigo dos curadores do CEDJMB (Ricardo Andrade, Ant\u00f3nio Branco e Hugo Castro) sobre as v\u00e1rias actividades de Jos\u00e9 M\u00e1rio Branco durante o seu ex\u00edlio em Fran\u00e7a\">\u00daltimo n\u00famero da Revista Portuguesa de Musicologia, com um artigo dos curadores do CEDJMB (Ricardo Andrade, Ant\u00f3nio Branco e Hugo Castro) sobre as v\u00e1rias actividades de Jos\u00e9 M\u00e1rio Branco durante o seu ex\u00edlio em Fran\u00e7a<\/a>\n\t\t\t\t\t\t\t\t<\/h2>\n\t\t\t\t\t\t\t<\/div>\n\t\t\t\t\t\t<\/div>\n\t\t\t\t\t<\/div>\n\t\t\t\t<\/div>\n\t\t\n\t\n<\/div>\n<div class=\"kc-elm kc-css-763460\" style=\"height: 49px; clear: both; width:100%;\"><\/div><\/div><\/div><\/div><\/div><\/section><section class=\"kc-elm kc-css-458590 kc_row\"><div class=\"kc-row-container  kc-container\"><div class=\"kc-wrap-columns\"><div class=\"kc-elm kc-css-175795 kc_col-sm-6 kc_column kc_col-sm-6\"><div class=\"kc-col-container\"><div class=\"kc-elm kc-css-416388 kc_shortcode kc_single_image\">\n\n        <img decoding=\"async\" src=\"https:\/\/www.cedjmb.pt\/wp-content\/uploads\/2025\/05\/Logotipo-300x75xc.png\" class=\"\" alt=\"\" \/>    <\/div>\n<div class=\"kc-elm kc-css-394716\" style=\"height: 24px; clear: both; width:100%;\"><\/div><div class=\"kc-elm kc-css-385477 kc_text_block\"><\/p>\n<p>Este trabalho foi financiado com fundos nacionais atrav\u00e9s da FCT \u2014 Funda\u00e7\u00e3o para a Ci\u00eancia e a Tecnologia, I.P., no \u00e2mbito dos projetos EXIMUS: \u201c\u2018\u00c9 preciso avisar toda a gente!\u2019: M\u00fasica e ex\u00edlio em Fran\u00e7a durante o regime do Estado Novo (1933-1974)\u201d, ref. 2022.05129.PTDC; INET-md \u2013 Instituto de Etnomusicologia \u2013 Centro de Estudos em M\u00fasica e Dan\u00e7a, ref. UID\/00472\/2025, DOI: 10.54499\/UID\/00472\/2025; CESEM \u2013 Centro de Estudos em M\u00fasica, ref. UID\/00693\/2025, DOI: 10.54499\/UID\/00693\/2025; IHC \u2013 Instituto de Hist\u00f3ria Contempor\u00e2nea, ref. UID\/04209\/2025, DOI: 10.54499\/UID\/04209\/2025; e In2Past \u2013 Laborat\u00f3rio Associado para a Investiga\u00e7\u00e3o e Inova\u00e7\u00e3o em Patrim\u00f3nio, Artes, Sustentabilidade e Territ\u00f3rio, ref. LA\/P\/0132\/2020, DOI 10.54499\/LA\/P\/0132\/2020.<\/p>\n<p>\n<\/div><div class=\"kc-elm kc-css-595375\" style=\"height: 22px; clear: both; width:100%;\"><\/div><\/div><\/div><div class=\"kc-elm kc-css-418483 kc_col-sm-6 kc_column kc_col-sm-6\"><div class=\"kc-col-container\"><div class=\"kc-elm kc-css-197138 kc_text_block\"><\/p>\n<p>Sediado no Col\u00e9gio Almada Negreiros da Universidade Nova de Lisboa, foi criado em 2021 na sequ\u00eancia do dep\u00f3sito do acervo documental do m\u00fasico Jos\u00e9 M\u00e1rio Branco (1942-2019) nesta institui\u00e7\u00e3o de ensino.<\/p>\n<p>Resultante de uma parceria entre dois institutos de investiga\u00e7\u00e3o na \u00e1rea das Ci\u00eancias Musicais &#8211; o\u00a0INET-md\u00a0e o\u00a0CESEM\u00a0&#8211; \u00e0 qual se juntou posteriormente o IHC, o Centro assume como objectivos centrais a preserva\u00e7\u00e3o, inventaria\u00e7\u00e3o e estudo do patrim\u00f3nio documental de Jos\u00e9 M\u00e1rio Branco, assim como a localiza\u00e7\u00e3o de materiais diversos relacionados com as suas m\u00faltiplas actividades.<\/p>\n<p>\n<\/div><div class=\"kc-elm kc-css-370642\" style=\"height: 0px; clear: both; width:100%;\"><\/div><\/div><\/div><\/div><\/div><\/section><section class=\"kc-elm kc-css-263196 kc_row\"><div class=\"kc-row-container  kc-container\"><div class=\"kc-wrap-columns\"><div class=\"kc-elm kc-css-41984 kc_col-sm-12 kc_column kc_col-sm-12\"><div class=\"kc-col-container\">    <div class=\"social-newsletter-section  social-69f3304970470 \">\r\n      <div class=\"social-holder\">\r\n                   <div><a href=\"\">\r\n            <i class=\"fab-facebook\"><\/i>\r\n            <span><\/span><\/a>\r\n          <\/div>\r\n                  <div><a href=\"\">\r\n            <i class=\"fab-instagram\"><\/i>\r\n            <span><\/span><\/a>\r\n          <\/div>\r\n              <\/div>\r\n    <\/div>\r\n    <\/div><\/div><\/div><\/div><\/section><\/p>\n","protected":false},"excerpt":{"rendered":"","protected":false},"author":1,"featured_media":0,"parent":0,"menu_order":0,"comment_status":"closed","ping_status":"closed","template":"","meta":{"footnotes":""},"class_list":["post-397","page","type-page","status-publish","hentry"],"_links":{"self":[{"href":"https:\/\/www.cedjmb.pt\/index.php\/wp-json\/wp\/v2\/pages\/397","targetHints":{"allow":["GET"]}}],"collection":[{"href":"https:\/\/www.cedjmb.pt\/index.php\/wp-json\/wp\/v2\/pages"}],"about":[{"href":"https:\/\/www.cedjmb.pt\/index.php\/wp-json\/wp\/v2\/types\/page"}],"author":[{"embeddable":true,"href":"https:\/\/www.cedjmb.pt\/index.php\/wp-json\/wp\/v2\/users\/1"}],"replies":[{"embeddable":true,"href":"https:\/\/www.cedjmb.pt\/index.php\/wp-json\/wp\/v2\/comments?post=397"}],"version-history":[{"count":105,"href":"https:\/\/www.cedjmb.pt\/index.php\/wp-json\/wp\/v2\/pages\/397\/revisions"}],"predecessor-version":[{"id":1260,"href":"https:\/\/www.cedjmb.pt\/index.php\/wp-json\/wp\/v2\/pages\/397\/revisions\/1260"}],"wp:attachment":[{"href":"https:\/\/www.cedjmb.pt\/index.php\/wp-json\/wp\/v2\/media?parent=397"}],"curies":[{"name":"wp","href":"https:\/\/api.w.org\/{rel}","templated":true}]}}